t are the prime factors of (q/48)/(1/4)?
37
Let f be 2 + (17 - (-2 + 2)). Suppose 4*l + 113 = -3*x - f, -x + 66 = -2*l. What are the prime factors of (2/3)/((-2)/l)?
11
Let u(v) = 21*v**3 + v**2. What are the prime factors of u(2)?
2, 43
What are the prime factors of (7/(-2 + -26))/(1/(-1492))?
373
Let j be (-9)/(-12) - 3/(-12). Let n = j - -1. Suppose -n*s + 11 = -17. List the prime factors of s.
2, 7
Let a be 1/((-1)/3)*-1. Let s = -28 + 41. Suppose -2*p - 4*z + a*z = -14, -p - 2*z + s = 0. List the prime factors of p.
5
Let u(s) = 2*s**2 + 3*s + 16. What are the prime factors of u(-8)?
2, 3, 5
Suppose 2*o - 4*m = -32, -3*o + 0*m = 4*m + 8. Let t = o + 15. Suppose -3*p + 3 = q, -2*q = t*p - 3*p - 8. What are the prime factors of q?
2, 3
Let u(q) = q + 8. Let t be u(0). Let v be 2/5 + t/5. Suppose -w + 2*w = v. List the prime factors of w.
2
Suppose 8 = 5*c + 4*j, -c + 2*c = -5*j - 11. Suppose -c*l - l = -25. What are the prime factors of l?
5
Suppose -3*h + 4*h + 3*t = 38, 3*t + 154 = 5*h. What are the prime factors of h?
2
Suppose 0 = 4*o - 4*c - 808, 217 = -3*o + 4*o - 4*c. List the prime factors of o.
197
What are the prime factors of 1950/27 + 2 + (-12)/54?
2, 37
Let q = 3 + -1. Suppose 0 = 5*n - q*y - 23, -4*n - y + 23 = 2*y. Let i = 15 - n. List the prime factors of i.
2, 5
Let p(u) = -u**3 - 8*u**2 + 7*u - 4. What are the prime factors of p(-9)?
2, 7
Let f = -4 - -4. Suppose 2*q - 4*h - 16 = -h, f = -2*q - 5*h. Suppose -q*o + 12 = -i, 0 = o - 2*i - 0*i + 3. List the prime factors of o.
3
Let z = -6 - -10. Suppose -w + z + 4 = 0. What are the prime factors of w?
2
Let o = 153 + -86. List the prime factors of o.
67
Let b = 20 + -14. Let x = 7 + b. What are the prime factors of x?
13
Let k be 2/(16/(-10) - -2). Suppose 0 = 4*j - 41 + k. What are the prime factors of j?
3
Suppose -2*j + 2*n - 6*n = -76, -3*j + 119 = 5*n. Suppose -2*h - j = -3*d, 2*d + 24 = 4*d - 4*h. What are the prime factors of d?
2, 3
Suppose -5*d + 4 + 21 = 0. Suppose 35 + 5 = d*a. What are the prime factors of a?
2
Suppose 5*d - 1 = -a - 51, -3*a + 3*d - 78 = 0. Let b = a - -57. Suppose 3*z - 28 = -4*t, 6*z - b = 2*z + 5*t. List the prime factors of z.
2
Let x = -1 - -1. What are the prime factors of 12 + 1 + x/2?
13
Suppose -c = -3*i + 1, i - 5*c + 23 + 0 = 0. Suppose 0*t - i*t - 8 = 0. Let s = t + 15. List the prime factors of s.
11
Let d(q) be the second derivative of -q**3/2 + 2*q. Let x be d(2). What are the prime factors of x*(-3 - (-2)/4)?
3, 5
Suppose -9*f + 5*q = -4*f - 380, -4*f = q - 329. Let d = -46 + f. Suppose 5*o = 2*w - 6*w + d, 0 = -5*o + 4*w - 5. What are the prime factors of o?
3
Suppose -3*p = 4*w - 2, -2*w + 4*p + 8 = 2*p. Let l = 3 - w. List the prime factors of (l - 1/1) + 13.
13
Suppose 0*o - 2*o + 3*x = -21, -4*o + 37 = -5*x. Let g(k) = -k**2 + 9*k - 3. Let j be g(7). Let i = j - o. What are the prime factors of i?
2
Suppose 0 = 39*y - 44*y + 635. What are the prime factors of y?
127
Let f(b) = 3*b**2 - 50*b + 50. Let g(a) = -a**2 + 17*a - 17. Let p(j) = -6*f(j) - 17*g(j). What are the prime factors of p(9)?
7
Let p = 3 + -3. Let k = p + -1. What are the prime factors of k/4 - 21/(-4)?
5
Let a = 93 + -43. Let f = -36 + a. What are the prime factors of f?
2, 7
Suppose 5*s + 153 + 97 = 5*j, 258 = -5*s + j. What are the prime factors of s/(-8) + (-4)/8?
2, 3
Let f be 0/((-4)/2 + 0). Let y(i) = f*i**2 - 5*i**2 + 0*i**2 - 1 + 7*i**2 - 3*i. What are the prime factors of y(4)?
19
Suppose z + 1 = 62. What are the prime factors of z?
61
Let f be 8/10*(6 - 1). Let q be 2/f*(6 + -2). What are the prime factors of q/((-2)/(2*-3))?
2, 3
Let p(x) = 5*x - 2. Suppose -5*f + 6 = -2*f. Suppose m = f*m - 2. What are the prime factors of p(m)?
2
Let i(v) = v**3 + 7*v**2 + 8. Let h = 0 - 7. What are the prime factors of i(h)?
2
Suppose 1 = n - 3. Suppose -n*k = -k - 39. Suppose -2*q + k = 3*d, q + 5*d = -2*q + 18. What are the prime factors of q?
11
Suppose 0 = 3*t + 2*g - 4*g - 3, -2*t - g = -2. Suppose t + 2 = 3*w. What are the prime factors of w/2 - (-9)/2?
5
Let b(m) = -m**2 - 14*m + 11. Let x be b(-15). What are the prime factors of 46/x*(-4 + 2)?
23
Let w = -163 + 166. What are the prime factors of w?
3
Let k(r) = r**3 + 14*r**2 + 16*r - 14. What are the prime factors of k(-12)?
2, 41
Suppose 2*t = 4, 0*o - 3*o = 5*t - 10. Suppose 3*c + 1 = -2*h, o = 2*c - 0*h + 5*h + 19. What are the prime factors of c?
3
List the prime factors of (120/(-9))/(2/(-12)*2).
2, 5
Let g(c) = -c**2 + 13*c - 2. Suppose 5 + 17 = 2*r. List the prime factors of g(r).
2, 5
Let t be 12/(-18) - (-17)/3. Suppose 2*f - 3*f - 2*m + t = 0, m + 5 = 2*f. Suppose 0*k = f*k - 9. List the prime factors of k.
3
Suppose -3*u + 2*x + 185 = -24, -74 = -u + 5*x. List the prime factors of u.
3, 23
Let r = 72 + -32. List the prime factors of r.
2, 5
Let g be (6/9)/1*24. Suppose g = f - 1. List the prime factors of f.
17
Let n = 6 + -2. Let m = -1 + n. List the prime factors of m.
3
Let c(g) be the first derivative of -g**4/12 + g**3/2 + g**2 + 1. Let j(u) be the second derivative of c(u). List the prime factors of j(-4).
11
Suppose 2*o + 2 = 3*o. Suppose 3*p - y - 43 = -3*y, -3*y - 7 = -o*p. List the prime factors of p.
11
Let u(r) = r**2 + 2*r + 2. Let d be u(-6). Suppose 2*m = 10 + d. Let g = m + -8. List the prime factors of g.
2, 5
Suppose i + 5*u = 3*i + 7, 2*i - 3*u + 1 = 0. Suppose g - 2*h = i, h = g - 2*h + 1. List the prime factors of g.
2, 7
Suppose 3 = -2*n + 11. Suppose -s + n*s = 6. Suppose -8 = -4*y + s*y. List the prime factors of y.
2
Let a = -4 + 7. Suppose 4*s = a + 37. Suppose -p = p - s. List the prime factors of p.
5
Let y(p) = -26*p + 5. What are the prime factors of y(-3)?
83
Let t(n) = -n**3 + n**2 - 2*n + 8. Let u be t(5). Let g = -56 - u. List the prime factors of g.
2, 23
Let k be 23/4 - (-1)/4. Let p = 73 - -2. Suppose p = -m + k*m. List the prime factors of m.
3, 5
Suppose 0*c = -4*c + 56. Suppose -21 = -0*i - 3*i. Let l = c - i. List the prime factors of l.
7
Let l be 2/4 - 39/(-6). Let d(g) be the first derivative of -g**4/4 + 7*g**3/3 - g**2/2 + 9*g + 6. List the prime factors of d(l).
2
Suppose -4*i = -3*n + 52 + 212, 3*n = -2*i + 282. Let o = n + -40. List the prime factors of o.
2, 13
Let k(m) = -3*m**3 - 5*m**2 - 2*m. Let u(z) = -7*z**3 - 10*z**2 - 5*z - 1. Let h(p) = 9*k(p) - 4*u(p). Let x be h(4). List the prime factors of x/6*(-42)/4.
7
List the prime factors of 6/(-51) - (-280)/68.
2
Suppose 3*h + 18 = -2*f, 3*f + 19 = -3*h - 5. Let s(y) = 3*y + 9. Let z(b) = 3*b + 10. Let k(p) = -4*s(p) + 3*z(p). What are the prime factors of k(f)?
2, 3
Let q(k) = 3*k**2 - 11*k - 3*k**2 - k**2 + 2. List the prime factors of q(-10).
2, 3
Suppose -3*r = 13 + 32. Let k = r - -9. Let p(j) = -j**2 - 7*j + 6. What are the prime factors of p(k)?
2, 3
Let t = -1 + 4. Let p(y) = -y**2 + 4*y. What are the prime factors of p(t)?
3
Suppose -2*c + 0*s + 92 = -4*s, 129 = 3*c + 3*s. What are the prime factors of c?
2, 11
Let u = -3 - -5. Let k = u - -7. List the prime factors of k.
3
Suppose 6*s = 72 + 90. What are the prime factors of s?
3
Let o(g) = 11*g + 7. Let j be o(-3). Let s = 10 - j. List the prime factors of s.
2, 3
What are the prime factors of ((-78)/15)/((-1)/5)?
2, 13
Let i = -44 - -31. What are the prime factors of (-2)/(2/i) - -1?
2, 7
Let s(z) = -13*z**2 + 4*z**2 + 11*z**2 - 6 - 3*z. List the prime factors of s(3).
3
Let q(z) = -12*z - 10. Suppose 0 = 4*y - 0*y + 20. What are the prime factors of q(y)?
2, 5
Let p = 156 + -110. List the prime factors of p.
2, 23
Let i = 6 + -9. Let j = 34 - i. List the prime factors of j.
37
Suppose -5*d = -83 - 52. List the prime factors of d.
3
Let m(d) = -5*d**2 - 6*d**2 + d**3 + 3*d**2 + d**2 + 4*d. Let j be m(3). Let c = -7 - j. List the prime factors of c.
17
Let u(s) = 7*s**3 + 2*s**2 + 2*s - 15. Let q(y) = -11*y**3 - 3*y**2 - 3*y + 23. Let c(h) = -5*q(h) - 8*u(h). What are the prime factors of c(0)?
5
Let f be (-1)/(-1 - (-40)/44). Let n = f - -1. List the prime factors of n.
2, 3
Let l be -1 - ((-1 - -1) + -2). Let g = 0 + l. Suppose 3*v - 9 = -y, -3*y + 2*v - g = -3*v. What are the prime factors of y?
3
Suppose -13 = -3*k - 2*m + 6*m, -4*m = 4. Suppose 25 = 2*f - 2*i - k*i, -4*f - 2*i = -14. Suppose f*d = 12 + 3. What are the pr